
Let s(d) be the first derivative of -d**4/4 - 2*d**3 + 5*d**2/2 - 16*d + 15. Let u be (-79)/11 + (-11 - 2337/(-209)). Calculate s(u).
-2
Let i(d) = 32 + 9272*d + 9289*d - 18560*d. Give i(-21).
11
Let r(v) = v**2 - 8*v + 8. Let u = -304 + 308. Suppose -s + 0*y - 2 = u*y, y - 28 = -5*s. Calculate r(s).
-4
Suppose i = 4*l + 85, -4*l - 5*i + 10*i = 105. Let s(d) = d**3 + 21*d**2 + 19*d - 20. Give s(l).
0
Let b(h) be the second derivative of 1/20*h**5 - 2*h**2 + 5/12*h**4 + 0 - 6*h + 1/2*h**3. Give b(-3).
5
Let v(b) be the second derivative of b**4/6 + 8*b**3/3 + 21*b**2/2 - 538*b - 1. Give v(-10).
61
Let p(b) = -4 + 17 + 5*b - 4*b + 0. Suppose 4*t = -5*c - 29, -166*t + 171*t = c. Give p(c).
8
Suppose 80 = -73*w + 81*w. Suppose -2*i + 5*v = w, v + 16 = -3*i + 1. Let c(h) = 3*h + 8. Give c(i).
-7
Let l(g) = -6934*g + 3 + g**2 + 11*g**3 + 6904*g - 12*g**3 + 15*g**2. What is l(14)?
-25
Let a(x) = -6*x**2 + x + x**3 + 2*x + 3 - x. Let u(q) = -q**3 + 22*q**2 + 24*q - 20. Let n = -49 + 72. Let m be u(n). What is a(m)?
-18
Suppose -26*v + 1197 = 37*v + 315. Let d(o) = -o**2 + 10*o + 11. What is d(v)?
-45
Let y be -14 - (2 + 1 + 0) - -3. Let n(k) be the first derivative of k**4/4 + 13*k**3/3 - 15*k**2/2 - 9*k - 38. What is n(y)?
5
Let x(w) = -w**2 - 9*w - 16. Let p be (-81)/15 + 5 - 18/5. Let j be x(p). Let q(t) = -t**2 + 2*t + 5. Calculate q(j).
-3
Let j(f) = -f**3 - f + 17. Let t = -31 - -34. Suppose 39 = 6*u - t*u. Let w be 11 - u - (1 - 1 - 2). Calculate j(w).
17
Let q(h) be the second derivative of 3*h**5/20 + h**4/4 + h**3/6 + h**2/2 + 4*h + 3. Determine q(-3).
-56
Let f(l) = -61304*l**2 + 61307*l**2 + 0*l**3 + 5*l - 2 + 5 + 2*l**3. Determine f(-3).
-39
Let y(k) = -k**3 + 3*k**2 + 3*k + 6. Let m be y(4). Let p(u) = -3*u - 5*u**m + 2*u - u**3 - 8 + 7*u - u. Determine p(-6).
-2
Let c(n) be the first derivative of n**4/4 - 4*n**3/3 - 2*n**2 + 7*n - 1. Let o = 18380 - 18375. Calculate c(o).
12
Suppose -37*m - 534 = -186*m - 118*m. Let r(i) = 1 - 13*i**2 + 3*i**2 - 3*i + 14*i**2. Determine r(m).
11
Let p(g) = g**3 + 3*g**2 - 2. Let x be p(-2). Let c(v) be the third derivative of -v**4/24 - v**3/6 + 4285*v**2. What is c(x)?
-3
Let s(n) be the first derivative of n**4/4 + 11*n**3/3 - 13*n**2/2 + 15*n - 20. Let w be s(-12). Let j(h) = -5 - w*h + 0 + 28*h. Give j(0).
-5
Let c(l) = 3*l - 10. Suppose -26*o = -70*o - 80*o - 1488. Calculate c(o).
-46
Let j(f) = -32*f**2 + 94*f + 27. Let v(z) = 16*z**2 - 59*z - 14. Let a(b) = 3*j(b) + 5*v(b). Give a(1).
-18
Let f(y) = 2*y. Let r(k) = -k**2 - 11*k - 15. Let d be r(-6). Let h be 9/d - -2 - 30/50. Let t(b) = 2*b. Let g(w) = h*t(w) - 3*f(w). Calculate g(1).
-2
Suppose -84 = -63*z - 84. Let l(y) = 7*y + 17. What is l(z)?
17
Let j(z) = 3 - 2*z + 2*z**2 - 1 - 7*z**2 + z**2 + 5*z**2. Suppose -4*v + 5*v - 4 = 0, 3*q - 3*v + 3 = 0. Calculate j(q).
5
Let i(p) = p**2 + 22*p + 96. Suppose -5*s = -u - 164 + 119, 4*u + 92 = 9*s. Give i(u).
11
Let b be 1079/(-120) - ((68 - 31) + -46). Let s(k) be the third derivative of 20*k**2 - b*k**6 - 4/3*k**3 + 0*k**4 + 0 + 7/60*k**5 + 0*k. What is s(7)?
-8
Let t(b) = 23*b - 83. Let i be t(5). Suppose -i = -x - 7*x. Let v(y) = 6*y - 11. Calculate v(x).
13
Let x = 12765 - 12764. Let i(r) = -52*r**3 + 2*r - 2. Give i(x).
-52
Suppose -19 = -2*q + 1. Let n be 2 + -5 - (-27 - (-418)/22). Let f(t) = t + q*t + n + 0*t - 6*t - t**2. Calculate f(6).
-1
Let d be (-20)/(-70) - 210/49. Let w(g) = -2*g**3 - 10*g**2 - 4*g + 15. Calculate w(d).
-1
Let z(a) be the third derivative of a**5/60 - 13*a**4/24 - 20*a**3/3 - 3136*a**2. Give z(20).
100
Let t be ((-830)/70 + 12)/(3/7). Let p(x) be the first derivative of t*x**3 - 7 + 4*x + 4*x**2. What is p(-3)?
-11
Let y be 1*5 + 20 + -12. Suppose 4*r - 3 = -0*r - 5*k, -5*r + 3*k = -y. Let m(f) = 3*f**3 - 4*f**2 + 3*f. Calculate m(r).
14
Let q(j) = -3 - 5*j + 0 - 16*j**3 + 6*j**2 + 17*j**3 - 2 - 8*j**2. Suppose -3*w - 69 = -84. Calculate q(w).
45
Let c = -276939/20 + 13847. Let n(h) be the second derivative of -1/6*h**4 + 0 + c*h**5 - 8*h - 3/2*h**2 - 1/3*h**3. Calculate n(3).
0
Let l(y) = y**2 + 134*y + 2188. Let d be l(-19). Let i(p) be the second derivative of -1/2*p**2 - 1/12*p**4 - 8*p - 1/6*p**d + 0. Give i(-2).
-3
Let r = 100 + -93. Let i be (-6 + r)/(1/(-5)) + -1. Let n(o) = o + 1. Let y(m) = 1. Let z(g) = -n(g) - 2*y(g). Give z(i).
3
Let n(m) = -3*m**2 + 1. Suppose 0 = -4*r + 5*j - 20, 4 = r + 2*j - j. Suppose d = -r*d - 1, 2*d = -4*b + 6. Let u be (-1)/(b + (-4)/(5 - 1)). Determine n(u).
-2
Let m(q) = -3*q**2 - 52*q + 14. Let r = 366 + -372. Let s(i) = i**2 + 18*i - 5. Let w(z) = r*m(z) - 17*s(z). Determine w(-6).
1
Let w(b) = -6*b + 44. Let c be w(7). Suppose -t + 2*t = q - c, q - 3*t = -2. Let z(n) = 4*n + 23. Let u(s) = -2*s - 11. Let y(p) = q*z(p) + 9*u(p). Give y(-9).
11
Let w(g) = -3*g - 3. Suppose 0 = 2*b - j - 3, b = 2*j + j + 4. Let i be ((-3)/(-3))/(b/(11 + -4)). Suppose 0 = -6*v + i*v + 3. Give w(v).
6
Let t(c) = 5*c**2 + c + 6. Suppose -3*x + 8 = 2*v, 0 = -5*x - 5*v + 9 + 1. Let h(r) = -18 + 42 + x*r**2 - 18. Let a(g) = -4*h(g) + 3*t(g). Give a(4).
-10
Let u(g) be the second derivative of 17/2*g**2 - 1/3*g**3 + 1/24*g**4 - 9*g - 1 + 1/12*g**5. Let l(k) be the second derivative of u(k). Calculate l(-1).
-9
Let j(b) be the second derivative of b**5/20 + 5*b**4/12 - 3*b**3 - 12*b**2 + 39*b. Let i be j(-7). Let n(f) = 4*f - 4*f + 2 + f. What is n(i)?
6
Suppose 2*s - 40 = -2*b, 3*b = -49*s + 44*s + 98. Let z(x) = 6*x - 83. What is z(s)?
31
Let a be 4/(-5)*((-294)/12 - -2). Let z(t) = -31 + 14 + a + 20*t**2 - 8*t**2. Determine z(1).
13
Let s(h) be the third derivative of h**6/120 + h**5/60 - h**4/12 + h**3/6 + 20*h**2. Let g be -5 + 52/9 + (-4)/(-18). What is s(g)?
1
Let s(q) be the first derivative of -q**4/4 - 5*q**3/3 + 11*q**2/2 + 20*q + 21. Suppose -6*c - 12 = -4*c. Let f be s(c). Let i(k) = -2*k - 11. Determine i(f).
9
Let k be (-80)/(-5) + 24*(-6)/18. Let t(z) = z**2 + z + 15. Give t(k).
87
Let j(q) = 71 - 2*q - q + 4*q + 0*q - 64 + 11. Let t = 10 - 22. Give j(t).
6
Let o be 7/(245/1740) - (-2)/7. Let j be o/3 - 32/48. Let y be (j/(-20))/((-2)/5). Let h(w) = w**3 - 2*w**2 - 2*w + 2. Determine h(y).
-2
Let f(r) = 7*r**3 - 15*r**2 - 29*r + 45. Let m(k) = 15*k**3 - 30*k**2 - 54*k + 96. Let q(x) = 13*f(x) - 6*m(x). Give q(-3).
6
Let a(m) = -7*m. Suppose -227*i - 231*i + 461*i + 3 = 0. Calculate a(i).
7
Let l = 370 + -365. Let i(w) = w**3 + 69 - 8*w**2 - 66 - l. Let b be (-172)/(-22) + (-12)/(-66). What is i(b)?
-2
Let t(p) = -p**2 - 19*p - 37. Let n be t(-7). Suppose 105 = 26*y - n*y. Let u(q) be the second derivative of q**3/6 + 3*q**2 - q. Determine u(y).
1
Suppose -3*c = 5*z - 72, -c + 44 = 4*z - 2*c. Let h(d) = 13 + 11*d + z*d + 18*d - 59*d + 13*d. Give h(3).
-2
Let s = -2296 - -2292. Let l(k) = -k + k**2 + 0 + 4*k - 2. Calculate l(s).
2
Let u(a) = a**2 + 12*a - 38. Let l(p) = 4. Let s(j) = 12*l(j) + u(j). Let h = 20 - 33. Calculate s(h).
23
Let p(f) = 42*f**2 + 16*f - 2. Let a(g) = 53*g**2 + 18*g - 3. Let c(l) = -4*a(l) + 5*p(l). Suppose 14 + 10 = 4*w. Give c(w).
-22
Let i(q) = -7 + q + q + 0*q. Let l = -489 - -492. Suppose -c = 5*x - l*x - 7, 2*x = -3*c + 1. What is i(x)?
3
Let i(w) = w**3 - 5*w**2 + 2*w - 2. Let g be 0/(-1) + (-1 + -1 - 0). Let c be 1/g + (-101)/2. Let n be c/(-15) + (-9)/(-15). Calculate i(n).
-10
Suppose 35*z = -6 + 321. Let d(h) = 11 - z - 4*h - 4*h**2 + 13*h**2. Give d(2).
30
Let y(h) = 2*h**2 + 1. Let x(b) = b**2 - 7*b + 11. Suppose 5 = 5*d - 5*m, 2*m = -5*d + 5*m + 1. Let l be d/(((-3)/30)/(1/2)). Let j be x(l). Determine y(j).
3
Let d(y) = -y + 26. Suppose 15*o - 11*o = -12. Let a be (11/o - -4)*0/2. Calculate d(a).
26
Let m(l) = -14*l + 8. Let u be (-2)/6 - (-221)/51. Give m(u).
-48
Let u(c) = -5*c + 13. Suppose -82*y + 544 = 134. Calculate u(y).
-12
Let o(a) be the first derivative of -4*a - 20 + 1/2*a**2. Let c(g) = -g + 13. Let z be c(8). What is o(z)?
1
Let f(w) = -w**2 + 5*w + 66. Suppose -44867*o = -44926*o - 354. Determine f(o).
0
Let u = 12 + -17. Let a(k) = k**3 + k**2 - 2. Let x(c) = -4*c**3 - 9*c**2 - 3*c + 10. Let o(l) = 3*a(l) + x(l). Give o(u).
-6
Let q be 119/21 + 4/(-6). Let b(g) = -q*g + 8*g - 4*g - 7. Calculate b(-8).
1
Let v(r) = -7*r - 6. Let a(i) = -10*i - 9. Let o(z) = -5*a(z) + 7*v(z). 